p + h*p. What is the hundreds digit of p?
1
Suppose 0 = -11*y - 12309 + 2255. Let h = 1288 + y. What is the hundreds digit of h?
3
Let i(o) = -o**3 - 68*o**2 + 139*o + 247. What is the tens digit of i(-70)?
1
Let s = -1902 + 10107. What is the thousands digit of s?
8
Suppose 6421 + 6890 = 9*i. Let o = i - 1037. What is the tens digit of o?
4
Suppose -7 + 3 = -2*c. Suppose 0 = -2*p + 2, 0 = 4*s + c*p - 5*p - 1281. What is the hundreds digit of s?
3
Suppose -13*t + 19*t = -4*v + 34224, -3*t - 8574 = -v. What is the thousands digit of v?
8
Suppose -5*b - 3*i + 16552 = 0, 0 = -5*b + i + 19115 - 2579. What is the tens digit of b?
0
Let l be ((-32)/20)/(8/(-1320)). Let k = -1 + l. What is the tens digit of k?
6
Suppose -21 - 69 = -9*p. Let w = p + 114. What is the hundreds digit of w?
1
Suppose w - 14907 - 12330 = -5*i, 0 = 4*w + 5*i - 108873. What is the units digit of w?
2
Suppose -28*t + 2746154 = 9*t + 483234. What is the thousands digit of t?
1
Let v = 114 + -115. What is the units digit of (1*v)/(10 + (-8562)/856)?
8
Let h be (5790/(-45))/(2/9) + -4. Let q = -488 - h. What is the units digit of q?
5
Let t(q) = q + 168 + 2*q - 2*q + 2*q. What is the hundreds digit of t(0)?
1
Suppose 41*d = -2*f + 46*d + 9, -3 = 3*d. Suppose 427 - 3167 = -f*x. What is the tens digit of x?
7
Let k(p) = -2*p**3 + 56*p**2 - 25*p + 29. What is the thousands digit of k(23)?
4
Suppose -20*j = 39*j - 10*j - 1167719. What is the units digit of j?
1
Suppose -c - 2*q + q = -2, 0 = -5*c - 3*q + 6. Suppose -21*z + 31*z - 120 = 0. Suppose c = 9*k - 11*k + z. What is the units digit of k?
6
Suppose -2*t = t + 36. Let x(b) = -2*b**2 - 25*b - 10. Let d be x(t). Suppose -d*o + 9*o = 1001. What is the hundreds digit of o?
1
Suppose 4*w + 5*d = 70254, -875*w - 3*d + 87824 = -870*w. What is the ten thousands digit of w?
1
Let p be 11020/50 + (-2)/5. Let d = 53 + p. Suppose 4*b = 399 + d. What is the hundreds digit of b?
1
Suppose 0 = 17*a - 233896 - 39141. What is the thousands digit of a?
6
Let b(o) = o + 24. Let g be b(-21). Suppose 0 = -g*s + 3, 4*v - s = -2*s + 1. Let t(l) = 5*l + 98. What is the units digit of t(v)?
8
Let u = 3106 + -891. Suppose -11*t + 205 + u = 0. What is the tens digit of t?
2
Let h(f) = -69*f + 156. Let w(y) = 2*y**2 + 17*y. Let q be w(-8). What is the units digit of h(q)?
8
Let y be -17 - (-17 + 8)*2/6. What is the tens digit of (-290730)/(-1155) - (0 - (-4)/y)?
5
Let t(r) = -r**3 + 29*r**2 - 58*r + 18. Let g be t(18). Suppose 49*v = 55*v - g. What is the units digit of v?
3
Let m(i) = -i**3 - 2*i**2 + 20*i + 1. Let v(n) = 58 - 3*n + 2*n - 57 - n**2. Let c(h) = m(h) + 2*v(h). What is the hundreds digit of c(-9)?
2
Let j = -10677 - -46531. What is the units digit of j?
4
Suppose 0 = -i - 10 + 6. Let a(q) = q**3 + 3*q**2 - 3*q. Let v be a(i). What is the units digit of 0 + v - (-63 + 0)?
9
Let d(p) = 2*p**3 - 11*p. Let n be d(3). Suppose 6557 = n*w - 7534. What is the tens digit of w?
7
Let g = -21 - -28. Let b = g - -7. What is the tens digit of 85/1 - (b - 16)?
8
Let j(t) = 2*t**2 - 64*t - 35. Let w be j(-17). Suppose 3*u + 726 = 3*p - 267, w = 5*p + u. What is the units digit of p?
7
Let t(m) = 42*m**2 + 349*m + 91. What is the units digit of t(-20)?
1
Suppose 131*t - 729221 = 68178 + 1904869. What is the hundreds digit of t?
6
Suppose -31*m = 139250 - 940662. What is the units digit of m?
2
Suppose 5*o = o + 300. Suppose -m - 6 = n - 9, -5*n - 20 = 0. Suppose 0 = -3*v + m*v + 5*b - o, b = -5. What is the units digit of v?
5
Suppose -4876 - 20399 = -25*h. Suppose -100 = -11*p + h. What is the units digit of p?
1
Let l be (-9 + 3198)*(-6)/(-3) - -4. Suppose 0 = -16*r - 878 + l. What is the hundreds digit of r?
3
What is the thousands digit of ((-413)/826)/((-3 - -1)/256304)?
4
Suppose -4 = -t - o, -2*o = -2*t + 7*t - 17. Suppose -13*i + 12*i + 231 = -2*y, 714 = t*i + y. What is the units digit of i?
7
Suppose 31*h - 5 = 30*h. Suppose d - 2*n = 5*d + 12, d - h*n = -25. Let c(m) = -m**3 - m**2 - 2*m - 2. What is the hundreds digit of c(d)?
1
Let r be (-2)/(-4)*(2 - 0) + 1. Let d(y) = 3*y**r + 35 - 4*y - 16 - 17. What is the tens digit of d(4)?
3
Let w be 3 + 0 + 1 + 2. Suppose -1 - 58 = 4*z + d, -w = 2*d. Let o = 165 + z. What is the hundreds digit of o?
1
Let n(q) be the third derivative of q**5/12 - q**4/6 - 20*q**3/3 + 2*q**2 + 9*q. What is the hundreds digit of n(-5)?
1
Suppose -43*t + 44*t + 102481 = 4*u, 5*u + 2*t - 128085 = 0. What is the ten thousands digit of u?
2
Suppose 4*r = -4*w + 48, 5*r - w - 33 = 15. What is the units digit of (1 + (-39)/15)/(r/(-2800))?
8
Suppose -39*a - 4 = -38*a. Let f be 2*(-3 + (-18)/a). Suppose 416 = f*t + o, 0*o + 5*o = t - 128. What is the tens digit of t?
3
Let x be ((-2)/(-6))/((24/54)/4). Suppose 5*a - 9629 = -x*d, 0*a + a - 2*d - 1931 = 0. What is the hundreds digit of a?
9
Let i = 5103 + -2648. Suppose -7*f = -i + 222. Suppose 0 = 3*z - 4*n - f, 5*z = z - 4*n + 416. What is the hundreds digit of z?
1
Let z(h) = 22*h + 4*h**2 - 12*h**2 + 69 - 35 - 4*h**2 - h + h**3. What is the units digit of z(15)?
4
Suppose -5 = -t, 3*p + t = 6*t + 15815. Let b = p - 2988. What is the units digit of (-2)/8*-2 - b/(-24)?
6
Suppose -z - 569*o + 4477 = -568*o, 2*z - 8945 = o. What is the units digit of z?
4
Suppose 6*u = 149983 + 13715. What is the units digit of u?
3
Let l = 65614 + -31730. What is the ten thousands digit of l?
3
Suppose -18*k = -201648 - 184147 + 44299. What is the tens digit of k?
7
Let b(k) = 242*k + 28. What is the hundreds digit of b(9)?
2
Let o(v) = -v**3 + v**2 + v + 129. Suppose 4*g - 1 = -l - 5, 0 = -2*l - 4*g - 4. What is the units digit of o(l)?
9
Let t be -4*(-9)/(-6)*(-4)/(-12). Let z(g) = -102*g - 14. What is the hundreds digit of z(t)?
1
Suppose 0 = -9*u + 45, 3*d + 1073 = 2*u - 38. Let g be (-2)/(-9) + (-14439)/(-27). Let s = g + d. What is the hundreds digit of s?
1
Let a be (-8)/((-1)/1) - (-21)/(-7). Suppose 2*l + 3*m = 0, 4*l + m - 5 = a. What is the hundreds digit of 128 - (0 - (-4 + l))?
1
Suppose -18*b - 516 = -21*b. Let z = -120 + b. Let j = z + -45. What is the units digit of j?
7
What is the tens digit of 51/(-2)*(-238 + 26)?
0
Let c = 7290 + 3079. What is the hundreds digit of c?
3
Let v be 89*((-9 - -3) + 5). Let u be 84/(-9)*(-27)/(-6). What is the units digit of 2*v/(-14) - 12/u?
3
Suppose 44 = 3*d - 4*w - 269, 5*w = 5*d - 515. Suppose 6132 = -d*q + 111*q. What is the tens digit of q?
1
What is the thousands digit of (-15)/((-225)/(-5)) - 14713/(-3)?
4
Let b be 68/18 - (-4)/18. Suppose 3*j + 3 = b*z, 0 = -4*z - 5*j - 5. Suppose 2*h + 4 = 0, z*h + 4*h = 3*d - 266. What is the units digit of d?
6
Let q(n) = 17*n**3 - 27*n**2 - 4*n + 678. What is the units digit of q(13)?
2
Let j = -200 + 6756. What is the tens digit of j?
5
Suppose 5*y - 138 = -l + 1501, 2*y + 6578 = 4*l. Let z = -1060 + l. What is the tens digit of z?
8
Suppose -z + 3*n - 4*n + 3 = 0, 3*n = -4*z + 13. What is the tens digit of 1272/18*6/z?
0
What is the units digit of (-194 + 168)*263/(-2)?
9
Let d(r) = 4*r**2 - 16*r - 9. Let a = -25 - -28. Let z be -4 + 24/a + 5. What is the units digit of d(z)?
1
Suppose 1 = -p - z - 4, 0 = 2*p + 5*z + 25. Suppose p = -5*r + 89 + 461. Suppose -4*g = 2*a - r, -5*a = -4*g - g - 320. What is the units digit of a?
1
Suppose 20 = 4*y + 8. Suppose -165 = -y*k + 93. Let p = 163 - k. What is the units digit of p?
7
Let c = -49 + 77. Suppose 0 = -c*d + 33*d - 15. Suppose -5*j + 4*b + 704 = 0, 0*j + d*j - 2*b - 424 = 0. What is the hundreds digit of j?
1
Suppose -12*m + 5202 = -75426. What is the hundreds digit of m?
7
Let u(y) = 2*y**3 - y**2 + 17*y - 5. Let t(a) = 2*a**3 + 18*a - 6. Let g(k) = -3*t(k) + 4*u(k). Suppose 2*q - 61 + 51 = 0. What is the tens digit of g(q)?
1
Suppose 0 = -170*q + 9932 + 8258. What is the tens digit of q?
0
Suppose -2*f - 10 = -2*j, j + 3*j = -4*f + 12. Let n(r) = -1228*r**3 - r**2 - 10*r - 10. What is the thousands digit of n(f)?
1
Let i(v) = 402*v**2 + 87*v - 486. What is the units digit of i(9)?
9
Suppose b - 2 = 0, -3*n - 1 = 3*b - 7. Suppose 42*q - 44*q = 5*m - 5771, 2*m - 5*q - 2320 = n. What is the tens digit of m?
5
Suppose -97*d + 9 = -94*d. Suppose d*v - 2*a = 4723, 0*v + 3158 = 2*v + a. What is the units digit of v?
7
Let h be (-194)/8 - 3/(-12).